rs of 100302031?
41, 241, 10151
What are the prime factors of 1567768133?
1567768133
What are the prime factors of 17504529?
3, 7, 19, 2309
What are the prime factors of 621489604?
2, 17, 29, 113, 2789
List the prime factors of 346974121.
13, 379, 70423
List the prime factors of 700508896.
2, 21890903
List the prime factors of 92016921.
3, 30672307
What are the prime factors of 49973273?
7, 23, 37, 8389
What are the prime factors of 14688054?
2, 3, 71, 1277
List the prime factors of 224884156.
2, 7, 23, 349199
List the prime factors of 1937443154.
2, 67, 1877, 7703
What are the prime factors of 1461410639?
13, 23, 212507
List the prime factors of 30942062.
2, 15471031
List the prime factors of 313038428.
2, 1193, 65599
List the prime factors of 4022383059.
3, 193, 2315707
What are the prime factors of 114203130?
2, 3, 5, 677, 5623
List the prime factors of 1729718514.
2, 3, 29, 3313637
List the prime factors of 281642279.
983, 286513
List the prime factors of 130655638.
2, 31, 67979
List the prime factors of 40721543.
53, 83, 9257
List the prime factors of 72237975.
3, 5, 963173
List the prime factors of 1622368068.
2, 3, 97, 389, 3583
List the prime factors of 86921738.
2, 23, 1889603
List the prime factors of 69585824.
2, 7, 11, 31, 911
List the prime factors of 2055721347.
3, 23, 29, 342449
List the prime factors of 177344617.
177344617
What are the prime factors of 247241499?
3, 757, 108869
List the prime factors of 4224404609.
4224404609
What are the prime factors of 700696289?
29, 24161941
List the prime factors of 1196501304.
2, 3, 49854221
List the prime factors of 323982445.
5, 2719, 23831
What are the prime factors of 21927076?
2, 17, 43, 7499
What are the prime factors of 775943449?
97, 7999417
What are the prime factors of 3610676830?
2, 5, 79, 4570477
List the prime factors of 637306847.
637306847
What are the prime factors of 1040508?
2, 3, 7, 4129
What are the prime factors of 2010952925?
5, 101, 127, 6271
List the prime factors of 36988685.
5, 17, 435161
List the prime factors of 842887096.
2, 47, 2241721
List the prime factors of 176439411.
3, 97, 67369
What are the prime factors of 62171804?
2, 15542951
List the prime factors of 1627130612.
2, 271, 1501043
What are the prime factors of 239875612?
2, 59968903
List the prime factors of 2268486.
2, 3, 11, 19, 67
List the prime factors of 1459199045.
5, 12433, 23473
List the prime factors of 694196434.
2, 467, 743251
List the prime factors of 57432293.
61, 941513
List the prime factors of 323414475.
3, 5, 31, 113, 1231
List the prime factors of 1757171925.
3, 5, 59, 132367
List the prime factors of 41082830.
2, 5, 23, 178621
List the prime factors of 2795928390.
2, 3, 5, 401, 77471
What are the prime factors of 4174978774?
2, 6203, 336529
What are the prime factors of 50231677?
953, 52709
List the prime factors of 1017142942.
2, 508571471
What are the prime factors of 74453131?
74453131
What are the prime factors of 70405023?
3, 13, 283, 6379
What are the prime factors of 23621925?
3, 5, 17, 97, 191
List the prime factors of 376020917.
31, 12129707
What are the prime factors of 129626391?
3, 1951, 22147
List the prime factors of 523345895.
5, 104669179
List the prime factors of 471917575.
5, 18876703
What are the prime factors of 32131797?
3, 29, 369331
List the prime factors of 70860667.
971, 72977
List the prime factors of 2295804555.
3, 5, 11, 617, 7517
What are the prime factors of 7779038559?
3, 2593012853
List the prime factors of 9540804.
2, 3, 7, 13, 8737
What are the prime factors of 132681271?
31, 4280041
What are the prime factors of 17152786?
2, 7, 43, 28493
List the prime factors of 2357515868.
2, 17, 67, 557, 929
List the prime factors of 79980745.
5, 13, 233, 5281
List the prime factors of 10466259.
3, 3488753
List the prime factors of 4672077401.
4672077401
List the prime factors of 35646520.
2, 5, 7, 13, 1399
List the prime factors of 311800088.
2, 38975011
List the prime factors of 10026897.
3, 3342299
What are the prime factors of 77779410?
2, 3, 5, 2592647
List the prime factors of 691084708.
2, 1993, 86689
What are the prime factors of 690273502?
2, 71, 859, 5659
List the prime factors of 482251490.
2, 5, 7, 47, 146581
What are the prime factors of 1557220592?
2, 97326287
List the prime factors of 243864114.
2, 3, 13, 37, 84499
List the prime factors of 75307457.
73, 1031609
List the prime factors of 2221837226.
2, 7, 3529, 44971
List the prime factors of 30130061.
13, 59, 163, 241
List the prime factors of 635924905.
5, 7, 11, 29, 56957
List the prime factors of 823838956.
2, 205959739
List the prime factors of 56392355.
5, 3169, 3559
What are the prime factors of 312908679?
3, 41, 847991
What are the prime factors of 60853025?
5, 227, 10723
What are the prime factors of 2305318759?
2305318759
What are the prime factors of 58868140?
2, 5, 547, 5381
List the prime factors of 2230620228.
2, 3, 20653891
List the prime factors of 82416134.
2, 41208067
List the prime factors of 2399848496.
2, 149990531
What are the prime factors of 859255266?
2, 3, 143209211
What are the prime factors of 699890436?
2, 3, 7, 151, 6131
List the prime factors of 352616425.
5, 7, 2014951
List the prime factors of 16549275.
3, 5, 263, 839
What are the prime factors of 552494052?
2, 3, 11, 1395187
List the prime factors of 818966102.
2, 409483051
What are the prime factors of 587236271?
587236271
What are the prime factors of 823156784?
2, 51447299
What are the prime factors of 420415105?
5, 11, 694901
List the prime factors of 509117621.
5741, 88681
List the prime factors of 1744016889.
3, 581338963
List the prime factors of 92593188.
2, 3, 2572033
What are the prime factors of 203045262?
2, 3, 7, 4834411
What are the prime factors of 379829071?
263, 1444217
List the prime factors of 93143911.
7, 29, 37, 12401
List the prime factors of 2980503348.
2, 3, 248375279
List the prime factors of 259264056.
2, 3, 359, 30091
What are the prime factors of 18591219?
3, 347, 5953
What are the prime factors of 278118429?
3, 659, 140677
List the prime factors of 3175192204.
2, 17, 46694003
List the prime factors of 109408329.
3, 29, 419189
What are the prime factors of 1860616?
2, 17, 13681
List the prime factors of 185774247.
3, 673, 30671
What are the prime factors of 668890195?
5, 41, 3262879
List the prime factors of 235909585.
5, 3329, 14173
What are the prime factors of 2174461713?
3, 193, 417283
What are the prime factors of 3491158?
2, 11, 31, 5119
List the prime factors of 2427562.
2, 1213781
List the prime factors of 245178368.
2, 173
List the prime factors of 160031202.
2, 3, 1171, 22777
What are the prime factors of 5527660946?
2, 2763830473
What are the prime factors of 845709?
3, 19, 37, 401
List the prime factors of 6592323908.
2, 41, 980417
What are the prime factors of 147730514?
2, 1811, 40787
List the prime factors of 520489732.
2, 7, 18588919
List the prime factors of 414658371.
3, 37, 3735661
List the prime factors of 24749476.
2, 19, 89, 3659
What are the prime factors of 1326027842?
2, 29, 22862549
List the prime factors of 4391129.
631, 6959
What are the prime factors of 1237870?
2, 5, 123787
List the prime factors of 89196438.
2, 3, 23, 181, 3571
What are the prime factors of 1707767733?
3, 7, 23, 3535751
What are the prime factors of 49663505?
5, 41, 242261
What are the prime factors of 397181502?
2, 3, 7355213
List the prime factors of 801010898.
2, 6329, 63281
What are the prime factors of 71952282?
2, 3, 3997349
What are the prime factors of 1167521384?
2, 37, 3944329
What are the prime factors of 3799444989?
3, 8093, 156491
List the prime factors of 1105061370.
2, 3, 5, 7, 17, 309541
What are the prime factors of 2195280942?
2, 3, 89, 379, 10847
List the prime factors of 665880769.
17, 39169457
What are the prime factors of 255851749?
14323, 17863
What are the prime factors of 1662637763?
67, 24815489
List the prime factors of 97091624.
2, 7, 17, 101987
List the prime factors of 4145990207.
269, 15412603
What are the prime factors of 103092945?
3, 5, 199, 34537
List the prime factors of 295825542.
2, 3, 53, 930269
What are the prime factors of 968287630?
2, 5, 96828763
List the prime factors of 2168662786.
2, 409, 619, 4283
List the prime factors of 21309019.
2130